he prime factors of 3450946?
2, 181, 9533
What are the prime factors of 1280313?
3, 47419
List the prime factors of 14142.
2, 3, 2357
What are the prime factors of 433540?
2, 5, 53, 409
List the prime factors of 952703.
113, 8431
What are the prime factors of 349331?
349331
List the prime factors of 472480.
2, 5, 2953
What are the prime factors of 2238451?
43, 52057
What are the prime factors of 4489675?
5, 47, 3821
What are the prime factors of 167934?
2, 3, 13, 2153
What are the prime factors of 14024305?
5, 2804861
List the prime factors of 258082.
2, 11, 11731
List the prime factors of 11764091.
113, 104107
List the prime factors of 21455400.
2, 3, 5, 35759
List the prime factors of 629944.
2, 7, 1607
List the prime factors of 219153.
3, 11, 29, 229
List the prime factors of 2352110.
2, 5, 235211
List the prime factors of 189210.
2, 3, 5, 7, 17, 53
List the prime factors of 1941684.
2, 3, 161807
List the prime factors of 133867.
263, 509
List the prime factors of 227980.
2, 5, 11399
List the prime factors of 11313211.
7, 13, 17, 71, 103
What are the prime factors of 206556?
2, 3, 7, 2459
What are the prime factors of 23021956?
2, 5755489
List the prime factors of 10170394.
2, 13, 443, 883
What are the prime factors of 80686?
2, 40343
List the prime factors of 259651.
7, 757
What are the prime factors of 195403?
13, 15031
What are the prime factors of 2141523?
3, 37, 59, 109
What are the prime factors of 5644843?
19, 297097
List the prime factors of 16390584.
2, 3, 7, 17, 1913
What are the prime factors of 1571661?
3, 7, 13, 19, 101
What are the prime factors of 8497864?
2, 19, 37, 1511
List the prime factors of 6084750.
2, 3, 5, 7, 19, 61
What are the prime factors of 17957182?
2, 149, 60259
List the prime factors of 1152636.
2, 3, 96053
What are the prime factors of 77257?
23, 3359
What are the prime factors of 3456734?
2, 467, 3701
List the prime factors of 630225.
3, 5, 2801
List the prime factors of 2490985.
5, 7, 71171
What are the prime factors of 92808?
2, 3, 1289
What are the prime factors of 137113?
31, 4423
What are the prime factors of 2739606?
2, 3, 59, 71, 109
What are the prime factors of 2693025?
3, 5, 11969
List the prime factors of 1237294.
2, 17, 151, 241
What are the prime factors of 176432?
2, 11027
List the prime factors of 301738.
2, 150869
List the prime factors of 8605926.
2, 3, 7, 7589
List the prime factors of 1141798.
2, 7, 61, 191
List the prime factors of 1875286.
2, 7, 133949
List the prime factors of 5007094.
2, 59, 42433
List the prime factors of 5299243.
5299243
List the prime factors of 9563958.
2, 3, 531331
List the prime factors of 1369609.
347, 3947
What are the prime factors of 189859?
189859
What are the prime factors of 161911?
161911
List the prime factors of 234154.
2, 47, 53
What are the prime factors of 1104605?
5, 173, 1277
List the prime factors of 229017.
3, 97, 787
What are the prime factors of 647176?
2, 80897
What are the prime factors of 20404715?
5, 4080943
List the prime factors of 14361766.
2, 7180883
What are the prime factors of 1890225?
3, 5, 31, 271
List the prime factors of 535744.
2, 11, 761
List the prime factors of 580383.
3, 59, 1093
What are the prime factors of 1803914?
2, 7, 269, 479
List the prime factors of 734182.
2, 43, 8537
What are the prime factors of 3959171?
3959171
List the prime factors of 57062.
2, 103, 277
What are the prime factors of 1073878?
2, 13, 103, 401
List the prime factors of 4341043.
7, 23, 59, 457
What are the prime factors of 1832355?
3, 5, 7, 277
What are the prime factors of 95662?
2, 7, 6833
What are the prime factors of 224396?
2, 56099
What are the prime factors of 3770343?
3, 418927
List the prime factors of 651978.
2, 3, 29, 1249
What are the prime factors of 4352021?
1433, 3037
List the prime factors of 4299249.
3, 17, 84299
What are the prime factors of 488209?
488209
What are the prime factors of 1251774?
2, 3, 7727
What are the prime factors of 13266603?
3, 7, 67, 449
List the prime factors of 24491951.
11, 17, 130973
List the prime factors of 436838.
2, 218419
What are the prime factors of 182010?
2, 3, 5, 6067
List the prime factors of 505551.
3, 43, 3919
What are the prime factors of 15298528?
2, 7, 163, 419
What are the prime factors of 2668589?
7, 11, 4951
List the prime factors of 3023034.
2, 3, 7, 167, 431
List the prime factors of 554025.
3, 5, 83, 89
What are the prime factors of 29086?
2, 14543
What are the prime factors of 1142500?
2, 5, 457
What are the prime factors of 233092?
2, 19, 3067
List the prime factors of 6588141.
3, 7, 313721
What are the prime factors of 307764?
2, 3, 83, 103
What are the prime factors of 1279779?
3, 127, 3359
What are the prime factors of 2660481?
3, 487, 607
List the prime factors of 8147379.
3, 2715793
What are the prime factors of 24666970?
2, 5, 1051, 2347
List the prime factors of 261663.
3, 87221
What are the prime factors of 1154741?
7, 164963
What are the prime factors of 183732?
2, 3, 61, 251
What are the prime factors of 7717295?
5, 31, 49789
What are the prime factors of 3296891?
13, 253607
What are the prime factors of 2421785?
5, 23, 21059
List the prime factors of 2533503.
3, 7, 223, 541
List the prime factors of 703222.
2, 13, 17, 37, 43
What are the prime factors of 360730?
2, 5, 36073
List the prime factors of 2511712.
2, 7, 11213
List the prime factors of 763815.
3, 5, 13, 3917
What are the prime factors of 401814?
2, 3, 7, 1063
What are the prime factors of 3695374?
2, 1847687
What are the prime factors of 773349?
3, 257783
List the prime factors of 8061078.
2, 3, 503, 2671
What are the prime factors of 8425011?
3, 7, 37, 1549
What are the prime factors of 2739531?
3, 913177
List the prime factors of 2364963.
3, 788321
What are the prime factors of 208460?
2, 5, 7, 1489
List the prime factors of 185750.
2, 5, 743
List the prime factors of 11179784.
2, 7, 11, 18149
What are the prime factors of 2730558?
2, 3, 455093
What are the prime factors of 237498?
2, 3, 23, 1721
List the prime factors of 98873.
98873
What are the prime factors of 409871?
7, 11, 5323
List the prime factors of 16831935.
3, 5, 41, 3041
What are the prime factors of 2228470?
2, 5, 23, 9689
List the prime factors of 610726.
2, 305363
List the prime factors of 24447189.
3, 13, 31, 73, 277
List the prime factors of 15703942.
2, 139, 56489
List the prime factors of 4408601.
4408601
List the prime factors of 8829338.
2, 7, 19, 1747
What are the prime factors of 126966?
2, 3, 7, 3023
List the prime factors of 550903.
550903
What are the prime factors of 3626892?
2, 3, 100747
List the prime factors of 682711.
43, 15877
What are the prime factors of 1024875?
3, 5, 911
What are the prime factors of 676849?
617, 1097
What are the prime factors of 1063311?
3, 239, 1483
What are the prime factors of 3044132?
2, 7, 13, 8363
What are the prime factors of 2905307?
29, 100183
What are the prime factors of 13014090?
2, 3, 5, 23, 6287
List the prime factors of 4397498.
2, 7, 314107
List the prime factors of 11892935.
5, 53, 44879
List the prime factors of 574669.
47, 12227
List the prime factors of 10239903.
3, 1137767
What are the prime factors of 9929239?
457, 21727
List the prime factors of 12253500.
2, 3, 5, 7, 389
List the prime factors of 3529590.
2, 3, 5, 29, 4057
What are the prime factors of 512189?
167, 3067
List the prime factors of 4138507.
4138507
List the prime factors of 167811.
3, 7, 61, 131
List the prime factors of 1485629.
19, 78191
What are the prime factors of 264633?
3, 88211
What are the prime factors of 1136350?
2, 5, 22727
List the prime factors of 4727797.
4727797
List the prime factors of 11278037.
11278037
List the prime factors of 7069262.
2, 59, 139, 431
List the prime factors of 453951.
3, 17, 23, 43
What are the prime factors of 199111?
11, 23, 787
What are the prime factors of 27209?
7, 13, 23
List the prime factors of 1911595.
5, 7, 54617
What are the prime factors of 291488?
2, 9109
What are the prime factors of 223743?
3, 13, 5737
What are the prime factors of 123013?
11, 53, 211
What are the prime factors of 586593?
3, 7, 9311
List the prime factors of 28229429.
28229429
What are the prime factors of 1710441?
3, 23, 8263
List the prime factors of 3918498.
2, 3, 653083
List the prime fact